hat is the greatest common factor of 289 and 21964?
289
Calculate the greatest common divisor of 30 and 38320.
10
Calculate the greatest common divisor of 12807540 and 12.
12
What is the greatest common divisor of 410 and 1080?
10
What is the highest common divisor of 2736069 and 21?
21
What is the greatest common factor of 2409 and 19833?
33
Calculate the greatest common divisor of 814495 and 472.
59
Calculate the highest common factor of 239925 and 420.
105
Calculate the greatest common divisor of 15 and 245610.
15
What is the greatest common divisor of 4460 and 4060?
20
Calculate the greatest common divisor of 5971 and 224.
7
What is the greatest common factor of 886900 and 2800?
700
Calculate the highest common factor of 174 and 98426.
58
Calculate the greatest common divisor of 54 and 123642.
18
What is the greatest common divisor of 10020 and 517533?
501
What is the greatest common divisor of 8 and 14306?
2
Calculate the highest common divisor of 1455126 and 6.
6
Calculate the greatest common factor of 1185 and 37762.
79
What is the greatest common factor of 3440 and 254818?
86
What is the greatest common factor of 6255 and 96605?
695
What is the greatest common factor of 77139 and 45?
9
What is the greatest common factor of 1577455 and 1012?
253
Calculate the highest common divisor of 35893 and 114972.
143
Calculate the greatest common divisor of 47432 and 26488.
616
What is the highest common divisor of 231 and 4983?
33
What is the greatest common factor of 36096 and 705?
141
What is the greatest common factor of 4 and 93606?
2
Calculate the highest common divisor of 4002 and 2208.
138
Calculate the greatest common divisor of 65016 and 54.
54
Calculate the greatest common divisor of 3910 and 32198.
34
What is the greatest common divisor of 86 and 67596?
86
What is the highest common divisor of 165 and 143440?
55
What is the greatest common divisor of 6692 and 406?
14
What is the greatest common divisor of 168664 and 6728?
232
Calculate the greatest common divisor of 255 and 330270.
15
What is the greatest common factor of 384 and 65568?
96
What is the greatest common factor of 195 and 520?
65
Calculate the highest common factor of 149413 and 68.
17
Calculate the highest common factor of 718808 and 76.
76
Calculate the highest common divisor of 37 and 965959.
37
What is the greatest common factor of 84 and 358896?
12
Calculate the highest common factor of 3185 and 82355.
455
What is the highest common factor of 20 and 7670?
10
Calculate the highest common factor of 80 and 618000.
80
Calculate the greatest common divisor of 472 and 604514.
118
Calculate the greatest common factor of 120973 and 171.
19
Calculate the highest common divisor of 1809770 and 1370.
1370
What is the greatest common factor of 425145 and 45?
15
Calculate the greatest common divisor of 68 and 917609.
17
What is the highest common divisor of 2080 and 433875?
65
What is the highest common factor of 14880 and 5270?
310
Calculate the highest common factor of 210 and 619.
1
What is the greatest common factor of 54389 and 274?
137
Calculate the greatest common divisor of 15948 and 8.
4
Calculate the greatest common factor of 384 and 1068.
12
Calculate the highest common divisor of 926 and 252335.
463
What is the highest common divisor of 40 and 680448?
8
Calculate the greatest common factor of 1869055 and 370.
185
What is the greatest common divisor of 2156 and 28996?
44
What is the greatest common divisor of 12 and 13996?
4
What is the highest common divisor of 206486 and 1204?
602
What is the highest common divisor of 622076 and 16?
4
Calculate the highest common divisor of 1028 and 139037.
257
What is the highest common factor of 208 and 1106612?
52
Calculate the highest common divisor of 2413 and 95.
19
What is the greatest common divisor of 355248 and 228?
12
What is the greatest common factor of 587412 and 14742?
1134
What is the highest common divisor of 1763240 and 60?
20
Calculate the greatest common factor of 28 and 3028.
4
Calculate the greatest common divisor of 182 and 889.
7
What is the greatest common divisor of 45812 and 1300?
52
Calculate the highest common factor of 1138816 and 328.
328
What is the greatest common factor of 2360 and 2920?
40
Calculate the greatest common divisor of 13583 and 188.
47
Calculate the highest common divisor of 62648 and 7380.
164
What is the greatest common factor of 10295 and 6745?
355
What is the highest common divisor of 11826 and 27?
27
Calculate the highest common divisor of 72315 and 90.
45
Calculate the highest common divisor of 31884 and 36.
12
Calculate the highest common factor of 11325 and 1963.
151
What is the highest common divisor of 237216 and 483?
21
What is the highest common divisor of 810 and 198855?
405
What is the greatest common divisor of 704 and 40997?
11
Calculate the greatest common factor of 3686 and 304.
38
Calculate the highest common factor of 103755 and 15.
15
Calculate the highest common divisor of 168 and 950096.
56
Calculate the greatest common divisor of 130227 and 13197.
249
What is the greatest common factor of 6620 and 155?
5
Calculate the highest common factor of 137795 and 595.
35
Calculate the greatest common factor of 10270 and 322010.
130
Calculate the greatest common divisor of 1804302 and 108.
54
Calculate the highest common factor of 3 and 395229.
3
What is the highest common factor of 15 and 1145?
5
What is the highest common divisor of 24673 and 11?
11
What is the highest common divisor of 9637 and 3151?
23
What is the highest common factor of 2411850 and 5250?
1050
Calculate the greatest common divisor of 32600 and 1720.
40
What is the greatest common divisor of 9423 and 1647?
27
What is the highest common divisor of 191289 and 21?
21
What is the greatest common factor of 12584 and 225368?
1144
What is the highest common factor of 6633811 and 122?
61
What is the greatest common factor of 484452 and 48?
12
Calculate the greatest common factor of 284075 and 121.
11
Calculate the greatest common divisor of 4316 and 82336.
332
What is the highest common factor of 1046859 and 55?
11
Calculate the greatest common factor of 16817 and 15813.
251
What is the greatest common factor of 2790 and 8361?
9
What is the greatest common factor of 64291 and 478?
239
What is the greatest common factor of 4625 and 211825?
925
What is the greatest common factor of 14634 and 63?
9
What is the greatest common divisor of 76055 and 11501?
371
What is the greatest common factor of 552 and 4440?
24
What is the highest common divisor of 319 and 783319?
29
Calculate the greatest common factor of 336 and 4716384.
48
What is the highest common factor of 48 and 12984?
24
Calculate the greatest common divisor of 420 and 48860.
140
Calculate the highest common divisor of 1339122 and 498.
498
What is the highest common factor of 123463 and 2238?
373
Calculate the highest common divisor of 12144 and 2552.
88
What is the greatest common factor of 1270 and 17?
1
Calculate the highest common divisor of 1704648 and 363.
363
Calculate the highest common divisor of 26572 and 12556.
292
What is the greatest common factor of 20501 and 988?
247
Calculate the greatest common divisor of 2 and 4126.
2
What is the greatest common factor of 10 and 139805?
5
Calculate the highest common factor of 19632 and 432.
48
What is the greatest common factor of 226787 and 54219?
583
What is the greatest common factor of 1012 and 8965?
11
What is the highest common divisor of 308 and 625548?
308
What is the greatest common divisor of 472 and 1904?
8
What is the highest common divisor of 734751 and 1833?
141
Calculate the highest common divisor of 210 and 40566.
6
What is the greatest common divisor of 14 and 807758?
14
Calculate the highest common divisor of 439391 and 349.
349
Calculate the greatest common factor of 34 and 11509.
17
Calculate the highest common factor of 489 and 111655.
163
Calculate the greatest common factor of 395205 and 15.
15
Calculate the greatest common divisor of 906 and 11993628.
906
Calculate the highest common divisor of 6239 and 85.
17
Calculate the greatest common factor of 595 and 370515.
85
What is the greatest common factor of 4109 and 1589?
7
What is the greatest common factor of 31436 and 754?
58
C